Suppose -p - v = -w - 0*p, 3 = p. What is the tens digit of w?
1
Suppose -4*i + 16 = -0, -3*y - 2 = -5*i. What is the tens digit of (-1)/(-4)*y*14?
2
Let y(s) be the second derivative of 3*s**4/8 + s**3/3 - 2*s**2 + 3*s. Let q(j) be the first derivative of y(j). What is the units digit of q(2)?
0
Let n be 6/(-21) - (-30)/7. Suppose -9 = -f - l, -3*f + 9 + 19 = n*l. Suppose 0 = -5*r - z + 40, -4*r + z + f = -3*z. What is the units digit of r?
7
Let s = 8 + -5. Let b(q) = -q**3 + 2*q**2 - 3*q. Let u be b(2). What is the units digit of s/9*0 - u?
6
Let k be 10/(-4)*40/(-25). Suppose 92 = 2*c - z, c = -k*c + 3*z + 229. What is the tens digit of c?
4
Let w(t) be the third derivative of -t**6/40 - t**5/30 + t**4/12 - t**3/6 + 2*t**2. Let y be w(1). What is the units digit of (y/6*-3)/2?
1
Let s be 3 - 3/(-3 - -2). Let a = 7 - s. What is the units digit of a?
1
Let m = 6 - 1. Suppose q + 3 = m. Suppose -4*t - q*i + 24 = 0, t + 4*i - 16 + 3 = 0. What is the units digit of t?
5
Let y be (-2)/4*(-10 + -2). Suppose -y*m + 4*m - 20 = 0. What is the tens digit of (-184)/m + (-10)/25?
1
Suppose -4*m + 1 - 5 = 0. Let z = -21 + m. Let w = z - -37. What is the tens digit of w?
1
Suppose 4*a = -6 - 18. Let c(j) = -j**2 - 6*j + 8. What is the units digit of c(a)?
8
Suppose a = -4, -3*i + 4*a = 2*i - 111. What is the units digit of i?
9
Let k = -31 - -46. Suppose 5*f + 7 = 2*s, 3*f = -4*s - k + 42. What is the units digit of s?
6
Let u = 45 + 18. Let l = -44 + u. What is the units digit of l?
9
Let f(q) = q**2 - 6*q + 4. Suppose -n + 7 + 0 = 0. Let s be f(n). Suppose -3*g + 38 = -2*u, -2*g + 35 = -u + s. What is the units digit of g?
0
Let h(k) be the second derivative of 7/2*k**2 + 0 + 1/6*k**3 - 3*k. What is the units digit of h(-6)?
1
Let v be (-3*1)/(3/2). Let b be (-2)/5 - v/5. Suppose 5*w - 26 + 1 = b. What is the units digit of w?
5
Suppose 0 = -5*x - 5*y + 550, -3*x = -x + 4*y - 224. Let q be x/(-42)*14/(-3). Let h = 21 - q. What is the units digit of h?
9
What is the units digit of 21/105 + (-168)/(-10)?
7
Suppose -q + 3*q = 146. What is the units digit of q?
3
Let g(y) = -y**2 + 1. Let p be g(1). Suppose 0 = -p*n + 2*n - 16. What is the units digit of n?
8
Let k(u) = 0 - 3*u + 3*u + 2*u**2 + 2*u + 1. Let d(p) = -p**3 + 6*p**2 - p + 8. Let f be d(6). What is the tens digit of k(f)?
1
Suppose 168 = 4*t - 248. What is the hundreds digit of t?
1
Let q(h) = -h**3 + 4*h**2 + h - 2. Let p be q(-3). Let l = -39 + p. What is the units digit of l?
9
Let h = -70 - -76. What is the units digit of h?
6
Suppose 188 = -d - 10. What is the units digit of 12/18*d/(-4)?
3
Let k be 2*(1 + 1 - 1). Let s be k/(-4) + 20/8. Suppose r = -s*r + 3. What is the units digit of r?
1
Suppose 0 = 6*b - 2*b - 44. Suppose -3*y + 0 - 3 = 3*i, -5*y + 3*i = -b. Let s = y - -1. What is the units digit of s?
2
Suppose -a - 6 = -2*l - 1, -2*l + 3 = a. Let g = 20 - 16. Let b = g - l. What is the units digit of b?
2
Let d = 15 + -22. Let g = 1 - 2. Let w = g - d. What is the units digit of w?
6
Let p(x) be the third derivative of 11*x**6/120 + x**5/30 + x**4/12 + x**3/6 - 2*x**2. Let v be p(-1). What is the units digit of (-56)/v + (-12)/(-30)?
6
What is the units digit of (-56)/(-10) - 12/(-30)?
6
Let z(p) = -2*p**3 - 8*p**2 - 17*p + 13. Let q(c) = 3*c**3 + 8*c**2 + 18*c - 14. Let l(r) = -3*q(r) - 4*z(r). What is the units digit of l(9)?
5
Let k(x) = -9*x**2 + 2*x - 1. Let h be k(1). Let w = h + 12. What is the units digit of w?
4
Suppose -g = 4*g - 300. Suppose b + 84 - 32 = 2*u, b - g = -2*u. Let f = -11 + u. What is the tens digit of f?
1
Let x be (-632)/20 + 3/5. Let z = -16 - x. What is the units digit of 85/z - 4/6?
5
Suppose -3*k + 66 = -81. What is the units digit of k?
9
Suppose 0*s = -s - 1. Let f = s + 7. What is the units digit of f?
6
Let u be -1*(-4)/(12/21). Let t = -2 + u. Suppose -o - 4*h = -9, 4*h + 0*h + 45 = t*o. What is the units digit of o?
9
What is the units digit of 1 + (9 - 1) + -4?
5
Let b(i) = i**3 + 10*i**2 - 5*i - 7. What is the units digit of b(-10)?
3
Let y be 2/(-7) - (-27)/21. Let c = -21 + 25. Suppose -y + c = g. What is the units digit of g?
3
Let z = -5 + 9. Let f = 15 - 9. Suppose -z*r = f - 22. What is the units digit of r?
4
Suppose 3*o + 2 = -5*c + 27, 3*o = 3*c + 9. Suppose -k = -c*r + 11, -r + 2*k = -0*k + 2. What is the units digit of r?
8
Let o be (-2 - 0)/((-4)/6). Suppose 2*z = o + 19. What is the units digit of z?
1
Let g be (2/(-6))/(2/(-12)). Suppose x + 2 = 2*x, -3*z + 5*x = -g. Suppose z*i + 7 = 5*i. What is the units digit of i?
7
Let y(u) = -u - 6. Let o be y(-10). Suppose 0 = -4*g + o. What is the units digit of g?
1
Suppose -5*v + 3*s + 25 = 0, -5*v - 8 = 3*s - 3. What is the units digit of v?
2
Suppose u - 244 = -c, 179 + 63 = c - u. What is the units digit of c?
3
Let r = 2 - 0. Let o = 9 - r. What is the units digit of o?
7
Suppose 3*v - 8*v + 380 = 0. What is the units digit of v?
6
Let n = 10 + -4. Let t be -4 + n + (1 - -1). Suppose -16 = -3*i - f, f = -4*i - t*f + 25. What is the units digit of i?
5
Suppose 4*n + 22 = -2. Suppose -2*b = -0*b + 18. Let z = n - b. What is the units digit of z?
3
Let s(i) = 10*i**2 + 2*i + 1. Let y be s(-1). Let t = y - 3. What is the units digit of t?
6
What is the units digit of (-948)/(-15) - 16/(-20)?
4
Let n(r) = 2*r - 3. Let k be n(2). What is the units digit of (-5)/(0 + -2 + k)?
5
Suppose -5 = 4*g - 1, -2*z - 4*g = -20. What is the tens digit of z?
1
Suppose 0 = 4*n - 5*n + 8. What is the units digit of n?
8
Let f(x) = -2*x + 9. Let j be f(6). What is the units digit of (j - -3) + 3 + 21?
4
Suppose 5*k + 0*k + 5 = 0. Let s = k + 3. What is the units digit of (-1)/(s - 22/10)?
5
Let p(k) = k**3 + 6*k**2 - k - 4. Let v be p(-6). Suppose v*w + 1 - 3 = 0. Suppose -w + 25 = 3*o. What is the units digit of o?
8
Let k be (6/18)/((-1)/(-15)). Suppose -2*s + 12 = u - 5*s, 3 = k*u + 4*s. Suppose -2 + 5 = f - r, u*f + r - 17 = 0. What is the units digit of f?
5
Suppose 3*t - 13 = 83. Suppose t = 4*z - 3*z. What is the tens digit of z?
3
Let p(a) = a**2 + 12. Let h be p(0). What is the units digit of h/3*19/2?
8
Suppose 3*a - 4*g - 1 = -4, g = -a + 6. What is the units digit of (0 + 5/3)*a?
5
Suppose 224 = -7*r + 9*r. What is the hundreds digit of r?
1
Let y(k) = k**3 + 7*k**2 + 7*k + 5. What is the units digit of y(-4)?
5
Let p = -17 - -8. What is the units digit of 49/63 + (-2)/p?
1
What is the tens digit of 0 + 12/54 + (-572)/(-18)?
3
Let z = 135 + -85. What is the tens digit of z?
5
Suppose 0 = 4*m - 23 - 1. Suppose 0 = m*f - 2*f - 8. Suppose q - f = -0*q. What is the units digit of q?
2
Let b(g) = g**3 - 4*g**2 - 5*g + 3. Let s be (-12)/(-10)*-1*-20. Suppose -5*r + s + 1 = 0. What is the units digit of b(r)?
3
Let y = -112 + 188. Suppose 0*g = -4*g + y. Suppose 2*n = 6*z - z - g, z + 5*n = -7. What is the units digit of z?
3
Let c(n) = -n**2 - 9*n - 9. Let d be c(-7). Let j be (-52)/(-20) - (-2)/d. What is the units digit of (j - 4 - 2) + 7?
4
Let b(u) = 3*u - 4. What is the units digit of b(3)?
5
Let i = 12 - 9. Suppose -u = 3*b - 46, -4*u - i*b + 0*b + 175 = 0. What is the units digit of u?
3
Suppose 0*x - x = -4. Suppose 0*k + k = 3*c + 23, 0 = 4*c + x*k + 36. Let w(o) = -2*o - 12. What is the units digit of w(c)?
4
Let g(w) = w**2 + 5*w + 4. Let f be g(-5). Suppose 0 = f*z - 22 - 2. What is the units digit of z?
6
What is the tens digit of (-462)/(-6) + (-3)/(-1)?
8
Let y(f) = -4*f**3 + 3*f**2 + 3*f + 1. Let t be y(-2). Let m be ((-1)/(-3))/(1/t). Suppose r + 3*n = 6, -5*n = -r - n + m. What is the units digit of r?
9
Suppose 0 = -4*a + 3*a - 3. Let b = a - -5. What is the units digit of b?
2
Let p = -13 + 20. What is the units digit of p?
7
Suppose 13 = s - 14. What is the units digit of s?
7
Let p = 20 - 5. Let a = -3 + 5. What is the units digit of (6/9)/(a/p)?
5
Let t(s) = -s**2 - 2*s + 2. Let k be t(-4). Let w = k + 5. What is the units digit of w + 0 + (8 - 0)?
7
Let u(c) = 7*c**2 + 1. Let y be u(1). Let z = y + -1. What is the units digit of z?
7
Let f(b) = b**3 + 4*b**2 - 6*b - 6. Let w be f(-5). Let d be 3/(w/(-2 + 1)). What is the tens digit of (57 - 3)/d + -3?
1
Let f = -14 + 6. Let h(k) = -k**2 - 7*k - 1. Let w be h(f). Let b = w - -15. What is the units digit of b?
6
Suppose -3